{"id":28,"date":"2025-01-31T07:59:31","date_gmt":"2025-01-31T13:59:31","guid":{"rendered":"https:\/\/de.artereciclada.com.br\/?page_id=28"},"modified":"2025-03-21T20:31:02","modified_gmt":"2025-03-22T01:31:02","slug":"contact-us","status":"publish","type":"page","link":"https:\/\/de.artereciclada.com.br\/en_gb\/contact-us\/","title":{"rendered":"KONTAKT"},"content":{"rendered":"<p>Hallo! \ud83d\ude0a M\u00f6chten Sie mit uns in Kontakt treten? Wir sind hier, um zu helfen. Kontaktieren Sie uns \u00fcber unsere Kan\u00e4le:<\/p>\n\n\n\n<p><strong>E-Mail:<\/strong> <a>contato@artereciclada.com.br<\/a><\/p>\n\n\n\n<p><strong>Gesch\u00e4ftszeiten:<\/strong> Montag bis Freitag, von 8:00 bis 17:00 Uhr.<\/p>\n\n\n\n<p>Senden Sie uns Ihre Nachricht und wir werden so schnell wie m\u00f6glich antworten. Gemeinsam k\u00f6nnen wir einen Unterschied in der Welt der Sch\u00f6nheit und Mode machen! \ud83c\udf0d\u2728<\/p>\n\n\n\n<p><\/p>","protected":false},"excerpt":{"rendered":"<p>Hallo! \ud83d\ude0a M\u00f6chten Sie mit uns in Kontakt treten? Wir sind hier, um zu helfen. Kontaktieren Sie uns \u00fcber unsere Kan\u00e4le: E-Mail: contato@artereciclada.com.br Gesch\u00e4ftszeiten: Montag bis Freitag, von 8:00 bis 17:00 Uhr. Senden Sie uns Ihre Nachricht und wir werden so schnell wie m\u00f6glich antworten. Gemeinsam k\u00f6nnen wir einen Unterschied in der Welt der Sch\u00f6nheit [&hellip;]<\/p>\n","protected":false},"author":4,"featured_media":17,"parent":0,"menu_order":0,"comment_status":"closed","ping_status":"closed","template":"","meta":{"footnotes":""},"class_list":["post-28","page","type-page","status-publish","has-post-thumbnail","hentry"],"blocksy_meta":[],"_links":{"self":[{"href":"https:\/\/de.artereciclada.com.br\/en_gb\/wp-json\/wp\/v2\/pages\/28","targetHints":{"allow":["GET"]}}],"collection":[{"href":"https:\/\/de.artereciclada.com.br\/en_gb\/wp-json\/wp\/v2\/pages"}],"about":[{"href":"https:\/\/de.artereciclada.com.br\/en_gb\/wp-json\/wp\/v2\/types\/page"}],"author":[{"embeddable":true,"href":"https:\/\/de.artereciclada.com.br\/en_gb\/wp-json\/wp\/v2\/users\/4"}],"replies":[{"embeddable":true,"href":"https:\/\/de.artereciclada.com.br\/en_gb\/wp-json\/wp\/v2\/comments?post=28"}],"version-history":[{"count":3,"href":"https:\/\/de.artereciclada.com.br\/en_gb\/wp-json\/wp\/v2\/pages\/28\/revisions"}],"predecessor-version":[{"id":175,"href":"https:\/\/de.artereciclada.com.br\/en_gb\/wp-json\/wp\/v2\/pages\/28\/revisions\/175"}],"wp:featuredmedia":[{"embeddable":true,"href":"https:\/\/de.artereciclada.com.br\/en_gb\/wp-json\/wp\/v2\/media\/17"}],"wp:attachment":[{"href":"https:\/\/de.artereciclada.com.br\/en_gb\/wp-json\/wp\/v2\/media?parent=28"}],"curies":[{"name":"wp","href":"https:\/\/api.w.org\/{rel}","templated":true}]}}

<p>Hallo! 😊 Möchten Sie mit uns in Kontakt treten? Wir sind hier, um zu helfen. Kontaktieren Sie uns über unsere Kanäle:</p>



<p><strong>E-Mail:</strong> <a>contato@artereciclada.com.br</a></p>



<p><strong>Geschäftszeiten:</strong> Montag bis Freitag, von 8:00 bis 17:00 Uhr.</p>



<p>Senden Sie uns Ihre Nachricht und wir werden so schnell wie möglich antworten. Gemeinsam können wir einen Unterschied in der Welt der Schönheit und Mode machen! 🌍✨</p>



<p></p>

<p>Hallo! 😊 Möchten Sie mit uns in Kontakt treten? Wir sind hier, um zu helfen. Kontaktieren Sie uns über unsere Kanäle: E-Mail: contato@artereciclada.com.br Geschäftszeiten: Montag bis Freitag, von 8:00 bis 17:00 Uhr. Senden Sie uns Ihre Nachricht und wir werden so schnell wie möglich antworten. Gemeinsam können wir einen Unterschied in der Welt der Schönheit [&hellip;]</p>
